{"id":932,"date":"2021-01-14T10:36:36","date_gmt":"2021-01-14T10:36:36","guid":{"rendered":"https:\/\/www.danz50plus.lu\/?page_id=932"},"modified":"2021-02-16T13:22:02","modified_gmt":"2021-02-16T13:22:02","slug":"developement-de-la-danse-senior-au-luxembourg-1","status":"publish","type":"page","link":"https:\/\/www.danz50plus.lu\/developement-de-la-danse-senior-au-luxembourg-1\/","title":{"rendered":"D\u00e9velopement de la danse senior au Luxembourg (*1)"},"content":{"rendered":"\n<p class=\"has-black-color has-text-color\"><strong>1991 \u00e0  2017<\/strong><\/p>\n\n\n\n<h1 class=\"has-text-align-center has-black-color has-cyan-bluish-gray-background-color has-text-color has-background has-huge-font-size wp-block-heading\"><strong>1991<\/strong><\/h1>\n\n\n\n<p><\/p>\n\n\n\n<p class=\"has-black-color has-cyan-bluish-gray-background-color has-text-color has-background has-normal-font-size\"><strong>Origine de la danse senior au Luxembourg<\/strong><\/p>\n\n\n\n<div class=\"wp-block-columns has-cyan-bluish-gray-background-color has-background is-layout-flex wp-container-core-columns-is-layout-9d6595d7 wp-block-columns-is-layout-flex\">\n<div class=\"wp-block-column is-layout-flow wp-block-column-is-layout-flow\" style=\"flex-basis:100%\">\n<p class=\"has-black-color has-text-color has-normal-font-size\">A l&#8217;\u00e9poque, M. Hausmann \u00e9tait pr\u00e9sident de l&#8217;ASBL de RBS. Lui et sa femme Catherine ont fait campagne pour une formation de chef de danse ici au Luxembourg. (*1)<\/p>\n<\/div>\n<\/div>\n\n\n\n<div class=\"wp-block-columns has-cyan-bluish-gray-background-color has-background is-layout-flex wp-container-core-columns-is-layout-9d6595d7 wp-block-columns-is-layout-flex\">\n<div class=\"wp-block-column is-layout-flow wp-block-column-is-layout-flow\" style=\"flex-basis:100%\">\n<p class=\"has-black-color has-text-color has-normal-font-size\">Le RBS s&#8217;est rendu disponible pour soutenir les int\u00e9r\u00eats des danseurs seniors \u00e0 travers leur personnel. (* 2)<\/p>\n<\/div>\n<\/div>\n\n\n\n<div class=\"wp-block-columns has-cyan-bluish-gray-background-color has-background is-layout-flex wp-container-core-columns-is-layout-9d6595d7 wp-block-columns-is-layout-flex\">\n<div class=\"wp-block-column is-layout-flow wp-block-column-is-layout-flow\" style=\"flex-basis:100%\">\n<p class=\"has-black-color has-text-color has-normal-font-size\">\u00c0 cette \u00e9poque, Mme. Monique Reuter \u00e9tait responsable des cadres sup\u00e9rieurs de la danse. Apr\u00e8s cela, Ilse Hardt, Jang Hamen, Peter Selzer et Andr\u00e9e Birnbaum, plus tard \u00e9galement M. Simon Gro\u00df, ont travaill\u00e9 avec les instructrices de danse senior. Le secr\u00e9tariat de soutien a \u00e9t\u00e9 assur\u00e9 par Claudia Kleren. (*1)<\/p>\n<\/div>\n<\/div>\n\n\n\n<p class=\"has-black-color has-cyan-bluish-gray-background-color has-text-color has-background has-normal-font-size\">Les premi\u00e8res instructrices de danse senior au Luxembourg \u00e9taient: (* 3)<\/p>\n\n\n\n<div class=\"wp-block-columns is-layout-flex wp-container-core-columns-is-layout-9d6595d7 wp-block-columns-is-layout-flex\">\n<div class=\"wp-block-column is-layout-flow wp-block-column-is-layout-flow\" style=\"flex-basis:100%\">\n<p>Catherine Hausmann (malheureusement Mme. Hausmann est d\u00e9j\u00e0 d\u00e9c\u00e9d\u00e9e)<br>Heidi Martin (retrait\u00e9e)<br>Malou Braun (actif)<br>Josiane Reiffenberg (retrait\u00e9e)<br>Veuillez signaler les chefs de danse oubli\u00e9s<\/p>\n<\/div>\n<\/div>\n\n\n\n<div class=\"wp-block-image\"><figure class=\"aligncenter size-large is-resized\"><img loading=\"lazy\" decoding=\"async\" src=\"http:\/\/www.danz50plus.lu\/wp-content\/uploads\/2021\/01\/Foto-RBS-1991-Grundung-Seniorentanz.jpg\" alt=\"Gr\u00fcndungsfoto RBS\" class=\"wp-image-249\" width=\"834\" height=\"526\" srcset=\"https:\/\/www.danz50plus.lu\/wp-content\/uploads\/2021\/01\/Foto-RBS-1991-Grundung-Seniorentanz.jpg 443w, https:\/\/www.danz50plus.lu\/wp-content\/uploads\/2021\/01\/Foto-RBS-1991-Grundung-Seniorentanz-300x189.jpg 300w\" sizes=\"auto, (max-width: 834px) 100vw, 834px\" \/><figcaption>Photo: RBS &#8211; membres fondateurs senior dance1991 (*4)<\/figcaption><\/figure><\/div>\n\n\n\n<h1 class=\"has-text-align-center has-black-color has-cyan-bluish-gray-background-color has-text-color has-background wp-block-heading\"><strong>1997<\/strong><\/h1>\n\n\n\n<p><\/p>\n\n\n\n<p class=\"has-black-color has-cyan-bluish-gray-background-color has-text-color has-background has-normal-font-size\">Le \u00abbal mi-car\u00eame\u00bb existe depuis cette ann\u00e9e. Organis\u00e9 par RBS avec le soutien de hauts dirigeants de danse, de clubs seniors et d&#8217;autres aides. A partir de 2002, le bal mi-car\u00eame a eu lieu \u00e0 Walferdange en coop\u00e9ration avec la commission locale du troisi\u00e8me \u00e2ge. (* 4)<\/p>\n\n\n\n<figure class=\"wp-block-gallery columns-2 is-cropped wp-block-gallery-1 is-layout-flex wp-block-gallery-is-layout-flex\"><ul class=\"blocks-gallery-grid\"><li class=\"blocks-gallery-item\"><figure><img loading=\"lazy\" decoding=\"async\" width=\"443\" height=\"302\" src=\"http:\/\/www.danz50plus.lu\/wp-content\/uploads\/2021\/01\/bal-Mi-careme-1997-2.jpg\" alt=\"\" data-id=\"253\" class=\"wp-image-253\" srcset=\"https:\/\/www.danz50plus.lu\/wp-content\/uploads\/2021\/01\/bal-Mi-careme-1997-2.jpg 443w, https:\/\/www.danz50plus.lu\/wp-content\/uploads\/2021\/01\/bal-Mi-careme-1997-2-300x205.jpg 300w\" sizes=\"auto, (max-width: 443px) 100vw, 443px\" \/><\/figure><\/li><li class=\"blocks-gallery-item\"><figure><img loading=\"lazy\" decoding=\"async\" width=\"430\" height=\"285\" src=\"http:\/\/www.danz50plus.lu\/wp-content\/uploads\/2021\/01\/Mi-careme-1997-1.jpg\" alt=\"\" data-id=\"254\" data-full-url=\"http:\/\/www.danz50plus.lu\/wp-content\/uploads\/2021\/01\/Mi-careme-1997-1.jpg\" data-link=\"http:\/\/www.danz50plus.lu\/?attachment_id=254\" class=\"wp-image-254\" srcset=\"https:\/\/www.danz50plus.lu\/wp-content\/uploads\/2021\/01\/Mi-careme-1997-1.jpg 430w, https:\/\/www.danz50plus.lu\/wp-content\/uploads\/2021\/01\/Mi-careme-1997-1-300x199.jpg 300w\" sizes=\"auto, (max-width: 430px) 100vw, 430px\" \/><\/figure><\/li><\/ul><figcaption class=\"blocks-gallery-caption\">Depuis 1997 bal de carnaval de RBS &#8211; co-organis\u00e9 et anim\u00e9 par les hauts dirigeants de la danse (*4)<\/figcaption><\/figure>\n\n\n\n<h1 class=\"has-text-align-center has-black-color has-cyan-bluish-gray-background-color has-text-color has-background wp-block-heading\"><strong>2002<\/strong><\/h1>\n\n\n\n<p><\/p>\n\n\n\n<p class=\"has-black-color has-cyan-bluish-gray-background-color has-text-color has-background has-normal-font-size\">\u00c9v\u00e9nement 10e anniversaire sur la Place d&#8217;Armes \u00e0 Luxembourg-Ville. Les instructrices de danse seniors et leurs groupes y ont particip\u00e9. (* 4)<\/p>\n\n\n\n<figure class=\"wp-block-gallery columns-2 is-cropped wp-block-gallery-2 is-layout-flex wp-block-gallery-is-layout-flex\"><ul class=\"blocks-gallery-grid\"><li class=\"blocks-gallery-item\"><figure><img loading=\"lazy\" decoding=\"async\" width=\"495\" height=\"364\" src=\"http:\/\/www.danz50plus.lu\/wp-content\/uploads\/2021\/01\/10-Jahre-1-2.jpg\" alt=\"\" data-id=\"262\" data-full-url=\"http:\/\/www.danz50plus.lu\/wp-content\/uploads\/2021\/01\/10-Jahre-1-2.jpg\" data-link=\"http:\/\/www.danz50plus.lu\/?attachment_id=262\" class=\"wp-image-262\" srcset=\"https:\/\/www.danz50plus.lu\/wp-content\/uploads\/2021\/01\/10-Jahre-1-2.jpg 495w, https:\/\/www.danz50plus.lu\/wp-content\/uploads\/2021\/01\/10-Jahre-1-2-300x221.jpg 300w\" sizes=\"auto, (max-width: 495px) 100vw, 495px\" \/><\/figure><\/li><li class=\"blocks-gallery-item\"><figure><img loading=\"lazy\" decoding=\"async\" width=\"349\" height=\"470\" src=\"http:\/\/www.danz50plus.lu\/wp-content\/uploads\/2021\/01\/10-Jahre-2-1.jpg\" alt=\"\" data-id=\"263\" data-full-url=\"http:\/\/www.danz50plus.lu\/wp-content\/uploads\/2021\/01\/10-Jahre-2-1.jpg\" data-link=\"http:\/\/www.danz50plus.lu\/?attachment_id=263\" class=\"wp-image-263\" srcset=\"https:\/\/www.danz50plus.lu\/wp-content\/uploads\/2021\/01\/10-Jahre-2-1.jpg 349w, https:\/\/www.danz50plus.lu\/wp-content\/uploads\/2021\/01\/10-Jahre-2-1-223x300.jpg 223w\" sizes=\"auto, (max-width: 349px) 100vw, 349px\" \/><\/figure><\/li><\/ul><figcaption class=\"blocks-gallery-caption\">Les animatrices de danse avec leurs coll\u00e8gues danseurs (spontan\u00e9s) (Photos: RBS)<\/figcaption><\/figure>\n\n\n\n<p class=\"has-black-color has-cyan-bluish-gray-background-color has-text-color has-background has-normal-font-size\">Depuis 2002, participation r\u00e9guli\u00e8re \u00e0 l&#8217;\u00e9v\u00e9nement sportif interr\u00e9gional &#8222;L&#8216; Europe est en mouvement&#8220; pour les seniors du Luxembourg, d&#8217;Allemagne et de France, avec divers ateliers organis\u00e9s avec le minist\u00e8re luxembourgeois des Sports et le Comit\u00e9 Olympique et Sportif Luxembourgeois (COSL). Malheureusement, cet \u00e9v\u00e9nement sportif n&#8217;a plus eu lieu depuis 2016. (* 4)<\/p>\n\n\n\n<figure class=\"wp-block-gallery columns-1 is-cropped wp-block-gallery-3 is-layout-flex wp-block-gallery-is-layout-flex\"><ul class=\"blocks-gallery-grid\"><li class=\"blocks-gallery-item\"><figure><img loading=\"lazy\" decoding=\"async\" width=\"564\" height=\"418\" src=\"http:\/\/www.danz50plus.lu\/wp-content\/uploads\/2021\/01\/2002-Europa-bewegt-sich.jpg\" alt=\"\" data-id=\"267\" data-full-url=\"http:\/\/www.danz50plus.lu\/wp-content\/uploads\/2021\/01\/2002-Europa-bewegt-sich.jpg\" data-link=\"http:\/\/www.danz50plus.lu\/?attachment_id=267\" class=\"wp-image-267\" srcset=\"https:\/\/www.danz50plus.lu\/wp-content\/uploads\/2021\/01\/2002-Europa-bewegt-sich.jpg 564w, https:\/\/www.danz50plus.lu\/wp-content\/uploads\/2021\/01\/2002-Europa-bewegt-sich-300x222.jpg 300w\" sizes=\"auto, (max-width: 564px) 100vw, 564px\" \/><\/figure><\/li><\/ul><figcaption class=\"blocks-gallery-caption\">&#8222;L&#8217;Europe bouge&#8220; &#8211; 2002 \u00e0 Luxembourg-Ville (Photos: RBS)<\/figcaption><\/figure>\n\n\n\n<h1 class=\"has-text-align-center has-black-color has-cyan-bluish-gray-background-color has-text-color has-background wp-block-heading\"><strong>2007<\/strong><\/h1>\n\n\n\n<p><\/p>\n\n\n\n<p class=\"has-black-color has-cyan-bluish-gray-background-color has-text-color has-background has-normal-font-size\">En 2007, les instructrices de danse senior Luxembourg ont pu participer officiellement pour la premi\u00e8re fois au &#8222;International Senior Dance Congress&#8220; (ISDC) en tant qu&#8217;invit\u00e9s. (* 5)<\/p>\n\n\n\n<p class=\"has-black-color has-cyan-bluish-gray-background-color has-text-color has-background has-medium-font-size\"><strong>Qu&#8217;est-ce que cet \u00abISDC\u00bb?<\/strong><\/p>\n\n\n\n<p class=\"has-black-color has-cyan-bluish-gray-background-color has-text-color has-background\">Le &#8222;International Senior Dance Committee&#8220; a \u00e9t\u00e9 fond\u00e9 en 1996 pour organiser le premier &#8222;Congr\u00e8s&#8220;.<\/p>\n\n\n\n<p class=\"has-black-color has-cyan-bluish-gray-background-color has-text-color has-background\">Les instructeurs des pays membres se r\u00e9unissent tous les trois ans, au Congr\u00e8s international de danse senior (ISDC), pour \u00e9changer leurs exp\u00e9riences, apprendre \u00e0 conna\u00eetre de nouvelles danses et se donner des impulsions pour leur travail de danse.<\/p>\n\n\n\n<p class=\"has-black-color has-cyan-bluish-gray-background-color has-text-color has-background\">En mai 2007, cet int\u00e9ressant congr\u00e8s a eu lieu \u00e0 Willingen \/ Sauerland. 280 instructeurs de 14 nations se sont r\u00e9unis. Cette exp\u00e9rience a incit\u00e9 les instructrices luxembourgeoies \u00e0 participer activement aux prochains congr\u00e8s en tant que membre de l&#8217;ISDC.<\/p>\n\n\n\n<p class=\"has-black-color has-cyan-bluish-gray-background-color has-text-color has-background has-normal-font-size\">Nous avons particip\u00e9 les ann\u00e9es suivantes: (* 5)<\/p>\n\n\n\n<p class=\"has-black-color has-cyan-bluish-gray-background-color has-text-color has-background has-normal-font-size\"><strong>2010 \u00e0 G\u00e9rardmer \/ France<\/strong> &#8211; Les participants \u00e9taient:<\/p>\n\n\n\n<div class=\"wp-block-columns is-layout-flex wp-container-core-columns-is-layout-9d6595d7 wp-block-columns-is-layout-flex\">\n<div class=\"wp-block-column is-layout-flow wp-block-column-is-layout-flow\" style=\"flex-basis:100%\">\n<ul class=\"has-black-color has-text-color wp-block-list\"><li>Malou Braun<\/li><li>Mariette Thies<\/li><li>Monique Kieffer<\/li><li>Ilona Pelletier<\/li><li>Jos\u00e9e Weis<\/li><li>Josiane Reiffenberg,<\/li><li>Yolande Hoerold<\/li><\/ul>\n\n\n\n<figure class=\"wp-block-image size-large\"><img loading=\"lazy\" decoding=\"async\" width=\"768\" height=\"1024\" src=\"https:\/\/www.danz50plus.lu\/wp-content\/uploads\/2021\/01\/ISDC-2010-768x1024.jpg\" alt=\"\" class=\"wp-image-664\" srcset=\"https:\/\/www.danz50plus.lu\/wp-content\/uploads\/2021\/01\/ISDC-2010-768x1024.jpg 768w, https:\/\/www.danz50plus.lu\/wp-content\/uploads\/2021\/01\/ISDC-2010-225x300.jpg 225w, https:\/\/www.danz50plus.lu\/wp-content\/uploads\/2021\/01\/ISDC-2010-1152x1536.jpg 1152w, https:\/\/www.danz50plus.lu\/wp-content\/uploads\/2021\/01\/ISDC-2010.jpg 1200w\" sizes=\"auto, (max-width: 768px) 100vw, 768px\" \/><figcaption>Article du magazine RBS<\/figcaption><\/figure>\n<\/div>\n<\/div>\n\n\n\n<p class=\"has-black-color has-cyan-bluish-gray-background-color has-text-color has-background has-normal-font-size\"><strong>2013 \u00e0 Tampere \/ Finlande <\/strong>&#8211; Les participants \u00e9taient:<\/p>\n\n\n\n<ul class=\"has-black-color has-text-color wp-block-list\"><li>Hiltrud Steier en remplacement de Malou Braun tomb\u00e9e malade<\/li><li>Jos\u00e9e Weis<\/li><li>Josiane Reiffenberg<\/li><li>Monique Kieffer<\/li><li>Nel Haentges<\/li><li>Ute Ott-Guth<\/li><\/ul>\n\n\n\n<figure class=\"wp-block-gallery columns-2 is-cropped wp-block-gallery-4 is-layout-flex wp-block-gallery-is-layout-flex\"><ul class=\"blocks-gallery-grid\"><li class=\"blocks-gallery-item\"><figure><img loading=\"lazy\" decoding=\"async\" width=\"546\" height=\"769\" src=\"https:\/\/www.danz50plus.lu\/wp-content\/uploads\/2021\/01\/Finnland-RBS-1.jpg\" alt=\"\" data-id=\"667\" data-full-url=\"https:\/\/www.danz50plus.lu\/wp-content\/uploads\/2021\/01\/Finnland-RBS-1.jpg\" data-link=\"https:\/\/www.danz50plus.lu\/?attachment_id=667\" class=\"wp-image-667\" srcset=\"https:\/\/www.danz50plus.lu\/wp-content\/uploads\/2021\/01\/Finnland-RBS-1.jpg 546w, https:\/\/www.danz50plus.lu\/wp-content\/uploads\/2021\/01\/Finnland-RBS-1-213x300.jpg 213w\" sizes=\"auto, (max-width: 546px) 100vw, 546px\" \/><\/figure><\/li><li class=\"blocks-gallery-item\"><figure><img loading=\"lazy\" decoding=\"async\" width=\"548\" height=\"413\" src=\"https:\/\/www.danz50plus.lu\/wp-content\/uploads\/2021\/01\/Finnland-RBS-2.jpg\" alt=\"\" data-id=\"668\" data-full-url=\"https:\/\/www.danz50plus.lu\/wp-content\/uploads\/2021\/01\/Finnland-RBS-2.jpg\" data-link=\"https:\/\/www.danz50plus.lu\/?attachment_id=668\" class=\"wp-image-668\" srcset=\"https:\/\/www.danz50plus.lu\/wp-content\/uploads\/2021\/01\/Finnland-RBS-2.jpg 548w, https:\/\/www.danz50plus.lu\/wp-content\/uploads\/2021\/01\/Finnland-RBS-2-300x226.jpg 300w\" sizes=\"auto, (max-width: 548px) 100vw, 548px\" \/><\/figure><\/li><\/ul><figcaption class=\"blocks-gallery-caption\">Artikel aus der Zeitschrift des RBS<\/figcaption><\/figure>\n\n\n\n<p class=\"has-black-color has-cyan-bluish-gray-background-color has-text-color has-background\">De plus amples informations sur la participation de nos repr\u00e9sentants nationaux \u00e0 l&#8217;ISDC depuis la cr\u00e9ation en 2018 peuvent \u00eatre trouv\u00e9es sous ISDC dans le menu<\/p>\n\n\n\n<h1 class=\"has-text-align-center has-black-color has-cyan-bluish-gray-background-color has-text-color has-background wp-block-heading\"><strong>2016<\/strong><\/h1>\n\n\n\n<p><\/p>\n\n\n\n<p class=\"has-black-color has-cyan-bluish-gray-background-color has-text-color has-background has-normal-font-size\">Le 4 novembre 2016, s&#8217;est tenu pour la premi\u00e8re fois le &#8222;Nationale Sportdag Fit 50 plus&#8220; sur le campus de Geessekn\u00e4ppchen, Luxembourg-Merl. Il \u00e9tait organis\u00e9 par le Minist\u00e8re des Sports et de la Famille en coop\u00e9ration avec ECG Luxembourg, l&#8217;Ath\u00e9n\u00e9e de Luxembourg, Lyc\u00e9e Aline Mayrisch Luxembourg , Lyc\u00e9e Michel-Rodange Luxembourg et le Service National de la Jeunesse.<\/p>\n\n\n\n<p class=\"has-black-color has-cyan-bluish-gray-background-color has-text-color has-background has-normal-font-size\">Le minist\u00e8re des Sports et des Affaires familiales a demand\u00e9 \u00e0 RBS s&#8217;il souhaitait \u00e9galement y participer. Dans ce contexte, Mme. Birnbaum s&#8217;est adress\u00e9e \u00e0 la danse senior et cela a \u00e9t\u00e9 not\u00e9 par les deux minist\u00e8res.  Les danseurs ont \u00e9t\u00e9 regroup\u00e9s dans des ateliers de danse qui duraient 25 min. (*1)<\/p>\n\n\n\n<p class=\"has-cyan-bluish-gray-background-color has-background\">SOURCES:<br>(* 1) Aide et documents pour la cr\u00e9ation de cette chronique re\u00e7us de RBS par Mme. Claudia Kleren<br>(* 2) Dans un courriel d&#8217;Andr\u00e9e Birnbaum il dit: Depuis le d\u00e9but, le RBS faisait partie du comit\u00e9 d&#8217;organisation de \u00abL&#8216; Europe est en mouvement\u00bb, et des ateliers de danse seniors ont \u00e9galement eu lieu chaque ann\u00e9e dans ce contexte.<br>(* 3) Informations de Heidi Martin<br>(* 4) Powerpoint, cr\u00e9\u00e9 par RBS pour ISDC 2013 en Finlande<br>(* 5) Re\u00e7u des documents de l&#8217;\u00e9quipe de pr\u00e9paration de l&#8217;ISDC \u00e0 Goslar 2017<br>(* 6) Information tir\u00e9e du compte rendu de la r\u00e9union des hauts dirigeants de la danse du 4 f\u00e9vrier 2017, cr\u00e9\u00e9 par Ute Ott-Guth<\/p>\n\n\n\n<figure class=\"wp-block-table is-style-stripes\"><table><tbody><tr><td>AU: 15\/01\/2021<br>Auteur: Ute Ott-Guth<br>Si vous trouvez des erreurs, veuillez nous contacter!<br>Adresse e-mail: secretariat@danz50plus.lu<br>T\u00e9l.: (*352) 691 65 27 15<\/td><\/tr><\/tbody><\/table><\/figure>\n\n\n\n<p><\/p>\n","protected":false},"excerpt":{"rendered":"<p>1991 \u00e0 2017 1991 Origine de la danse senior au Luxembourg A l&#8217;\u00e9poque, M. Hausmann \u00e9tait pr\u00e9sident de l&#8217;ASBL de RBS. Lui et sa femme Catherine ont fait campagne pour une formation de chef de danse ici au Luxembourg. (*1) Le RBS s&#8217;est rendu disponible pour soutenir les int\u00e9r\u00eats des danseurs seniors \u00e0 travers leur [&hellip;]<\/p>\n","protected":false},"author":2,"featured_media":0,"parent":0,"menu_order":0,"comment_status":"closed","ping_status":"closed","template":"","meta":{"footnotes":""},"class_list":["post-932","page","type-page","status-publish","hentry"],"_links":{"self":[{"href":"https:\/\/www.danz50plus.lu\/wp-json\/wp\/v2\/pages\/932","targetHints":{"allow":["GET"]}}],"collection":[{"href":"https:\/\/www.danz50plus.lu\/wp-json\/wp\/v2\/pages"}],"about":[{"href":"https:\/\/www.danz50plus.lu\/wp-json\/wp\/v2\/types\/page"}],"author":[{"embeddable":true,"href":"https:\/\/www.danz50plus.lu\/wp-json\/wp\/v2\/users\/2"}],"replies":[{"embeddable":true,"href":"https:\/\/www.danz50plus.lu\/wp-json\/wp\/v2\/comments?post=932"}],"version-history":[{"count":21,"href":"https:\/\/www.danz50plus.lu\/wp-json\/wp\/v2\/pages\/932\/revisions"}],"predecessor-version":[{"id":1624,"href":"https:\/\/www.danz50plus.lu\/wp-json\/wp\/v2\/pages\/932\/revisions\/1624"}],"wp:attachment":[{"href":"https:\/\/www.danz50plus.lu\/wp-json\/wp\/v2\/media?parent=932"}],"curies":[{"name":"wp","href":"https:\/\/api.w.org\/{rel}","templated":true}]}}